{"id":258,"date":"2018-01-22T10:17:40","date_gmt":"2018-01-22T14:17:40","guid":{"rendered":"http:\/\/ayuntamiento.o\/transparencia\/?page_id=258"},"modified":"2025-01-10T11:40:50","modified_gmt":"2025-01-10T15:40:50","slug":"responsable-de-acceso-a-la-informacion","status":"publish","type":"page","link":"https:\/\/ayuntamientoenriquillo.gob.do\/transparencia\/responsable-de-acceso-a-la-informacion\/","title":{"rendered":"Responsable de Acceso a la Informaci\u00f3n"},"content":{"rendered":"<p class=\"paragraph ng-attr-widget\">\n<\/p><p class=\"paragraph ng-attr-widget\"><\/p>\n\n\n<p>Sra. <strong>Yuneisy Caraballo Reyes\u00a0<\/strong><br \/>Responsable de Acceso a la Informaci\u00f3n (RAI)<br \/>Tel\u00e9fonos: 809-524-8100 y 809-981-3911<br \/>Correo: ayuntamientodeenriquillooai@gmail.com<br \/>Direcci\u00f3n: Calle: Luis Manuel Caraballo, No. 47 Enriquillo, Barahona<\/p>\n","protected":false},"excerpt":{"rendered":"Sra. Yuneisy Caraballo Reyes\u00a0Responsable de Acceso a la Informaci\u00f3n (RAI)Tel\u00e9fonos: 809-524-8100 y 809-981-3911Correo: ayuntamientodeenriquillooai@gmail.comDirecci\u00f3n: Calle: Luis Manuel Caraballo, No. 47 Enriquillo, Barahona","protected":false},"author":4,"featured_media":0,"parent":0,"menu_order":0,"comment_status":"closed","ping_status":"closed","template":"","meta":[],"acf":[],"_links":{"self":[{"href":"https:\/\/ayuntamientoenriquillo.gob.do\/transparencia\/wp-json\/wp\/v2\/pages\/258"}],"collection":[{"href":"https:\/\/ayuntamientoenriquillo.gob.do\/transparencia\/wp-json\/wp\/v2\/pages"}],"about":[{"href":"https:\/\/ayuntamientoenriquillo.gob.do\/transparencia\/wp-json\/wp\/v2\/types\/page"}],"author":[{"embeddable":true,"href":"https:\/\/ayuntamientoenriquillo.gob.do\/transparencia\/wp-json\/wp\/v2\/users\/4"}],"replies":[{"embeddable":true,"href":"https:\/\/ayuntamientoenriquillo.gob.do\/transparencia\/wp-json\/wp\/v2\/comments?post=258"}],"version-history":[{"count":4,"href":"https:\/\/ayuntamientoenriquillo.gob.do\/transparencia\/wp-json\/wp\/v2\/pages\/258\/revisions"}],"predecessor-version":[{"id":579,"href":"https:\/\/ayuntamientoenriquillo.gob.do\/transparencia\/wp-json\/wp\/v2\/pages\/258\/revisions\/579"}],"wp:attachment":[{"href":"https:\/\/ayuntamientoenriquillo.gob.do\/transparencia\/wp-json\/wp\/v2\/media?parent=258"}],"curies":[{"name":"wp","href":"https:\/\/api.w.org\/{rel}","templated":true}]}}